r?
True
Let x be 1/5 + 71320/25. Suppose -5*u - x = -14*u. Is u prime?
True
Suppose u - 242 = 3336. Let h = u + -2155. Is h a composite number?
False
Suppose 390 = 4*k + k. Is 31/2*k/3 composite?
True
Let d(s) = 7*s**2 + 11*s**2 - 1 + 19*s**3 - 15*s**2. Suppose -3*f + i - 4*i = -9, -2*f - 1 = -5*i. Is d(f) prime?
True
Suppose -3*l - 43439 = -5*o - 5*l, -2*l = -5*o + 43451. Is o composite?
False
Let r(q) = -13*q**3 - 9*q**2 - 8*q + 19. Is r(-8) a composite number?
False
Suppose 0 = 2*x + 10*x - 207876. Is x a prime number?
False
Let z(u) = -u**2 + 3*u + 4. Let i be z(3). Let j be (221/(-4))/(13/(-52)). Suppose 353 = 5*x - i*c + 82, 0 = -4*x - c + j. Is x composite?
True
Suppose -19*j + 12997 = -7276. Is j prime?
False
Suppose 3*j - 6 = 6*j. Is (-1)/((0 - j)/(-246)) a composite number?
True
Let a be (3/3 + -2)*-1. Is a/(4/(896 - 4)) a prime number?
True
Suppose 0 = 3*v + 3*k - 5*k + 3349, 5*k + 5565 = -5*v. Let x = -778 - v. Is x prime?
True
Let i = 11537 + -7056. Is i composite?
False
Suppose -3*v + 5*v - 4043 = 3*l, 2*v = 5*l + 4049. Is v a prime number?
True
Is (15253/(-28))/(1/((-12)/3)) composite?
False
Suppose 5*w = -3*z + 7, 2*w = 4*w - z - 5. Suppose 4*b + w*x = 4182, 2*b = 3*x + 3091 - 1020. Is b a prime number?
False
Let d(r) = 713*r**2 + 3*r - 51. Is d(4) composite?
False
Let w = -17 + 21. Suppose 3 = w*s + 19, 3*u + 4*s = 4517. Is u a prime number?
True
Let h(p) = -p**3 + 4*p**2 - 4*p + 3. Let n be h(2). Is ((-131)/(-3))/1*n a composite number?
False
Let u be 134/(-11) - 2/(-11). Let b = 11 + u. Is 20*b*44/(-16) a prime number?
False
Let k = -114689 - -166824. Is k a prime number?
False
Let t = 83 - 17. Let p be -5 + (-4)/(-2) - t. Let s = 232 + p. Is s composite?
False
Let f(c) = 23*c**3 + c**2 + 2*c - 1. Let g(v) = -v**3 - v**2 + 2*v + 2. Let y be g(-2). Let p be (-1 - -5)/1 - y. Is f(p) a composite number?
False
Let v(r) = -2*r**2 - 43*r + 28. Let j be v(-21). Suppose -2*g - 2*g - j = -3*k, 4 = -g. Is k a prime number?
True
Is (6/(-33) - (-312)/143) + 5667 a prime number?
True
Suppose -270776 = -24*b + 274960. Is b a prime number?
True
Suppose 0*o + 14*o - 32074 = 0. Is o a prime number?
False
Let z(g) be the third derivative of g**4/8 + 7*g**3/2 + 10*g**2. Let v be z(-7). Suppose 3*f - 112 - 1019 = v. Is f a composite number?
True
Let b = 16 - -2. Let c = -12 + b. Is 3595/15 - c/9 prime?
True
Suppose 0 = -4*u - 4, 3*v + 5*u - 11292 = 1390. Is v composite?
False
Let a(z) be the first derivative of 5*z**4/2 - 2*z**3/3 + 5*z**2/2 - 4*z + 7. Is a(3) a prime number?
True
Let d = 4 - 4. Suppose -5 = -k - d*k. Suppose -k*u = -1424 - 471. Is u a composite number?
False
Let u(v) = v**3 + 15*v**2 + 14*v + 3. Let p be u(-14). Is (2/(-8))/(p*(-3)/3492) a prime number?
True
Let t be (4/3)/(2/6). Is (-2662)/(-6) - t/6 composite?
False
Let a(r) = r**3 - r**2 + 3*r + 7. Let z(k) = 2*k - 4. Let m = 13 + -8. Let u be z(m). Is a(u) a composite number?
True
Suppose -5*l + 60 - 50 = 0. Suppose 2*d = d + 110. Suppose -5*f = a - d - 76, f + l*a - 39 = 0. Is f a prime number?
True
Let m(p) = -6 - 9 - 35*p + p. Is m(-7) a prime number?
True
Let m(z) = 36*z**2 - z + 10. Suppose 3*c = 3*h + 12, 5*c - 1 - 12 = -2*h. Is m(c) composite?
False
Suppose 0 = w + 4*z - 1206, -2*z - 6080 = -5*w + 3*z. Is w composite?
True
Suppose -5*m + 25153 = 3*t, -m = m + 3*t - 10054. Is m a composite number?
True
Suppose -5*h = -3*h + 70. Let u be (h/14)/((-1)/2). Suppose 21 + 89 = u*b. Is b prime?
False
Is (-3)/((-3)/7915) - (-604)/151 a composite number?
False
Let b = 10 - 10. Suppose -4*p + b = -24. Suppose -t + 9415 = p*t. Is t a prime number?
False
Let g be -2 + (0 + 77 - 3). Let h = 17 + g. Is h a prime number?
True
Suppose -8 = 7*i + 13. Is -11694*(-3)/6*(-1)/i composite?
False
Suppose -7 = 5*f - 3*d - 13, 0 = -f + 4*d - 9. Suppose -b - 2490 = -f*b + 4*q, 5*q - 1238 = -b. Is b a composite number?
True
Let n(o) = -o**3 + 2*o**2 + 16547. Is n(0) prime?
True
Let o be (-26)/(-6) + (-8)/24. Suppose -1155 = -3*x + 4*w, o*w - 110 = -x + 259. Is x composite?
True
Let j be (-2)/(-3) - (1 - 51/(-9)). Is (2 + 6462 + -5)*(-2)/j prime?
True
Let q = -242 + 258. Suppose 2*n + 2*n = 0. Suppose q = b + 3*z - 0, n = 2*b + 5*z - 33. Is b a composite number?
False
Suppose -370 = -2*d + 1192. Suppose 4*u = 5*q - 0*u - 3969, -q + d = -4*u. Is q composite?
False
Suppose -4*k = 3 + 45. Let b = 12 + k. Suppose 0 = 5*q - b*p + 2*p - 2505, -2*p + 996 = 2*q. Is q a composite number?
False
Suppose 8*w - 11013 = 7*w + 2*m, 0 = -w - 3*m + 11018. Is w prime?
False
Let w(c) = -c**3 - 10*c**2 - 10*c + 10. Let t be w(-9). Let i(z) = z**2 + 2. Let d be i(4). Let u = t + d. Is u prime?
True
Let z(b) be the second derivative of -b**5/10 - b**4/2 + b**3/2 + b**2 + 4*b. Let j be z(-5). Suppose 3*f = 87 + j. Is f a prime number?
False
Let i = 274 - 1052. Is ((-3)/((-6)/i))/(5/(-25)) a composite number?
True
Suppose -2*p - 3*p = 3*n + 13, -p - 9 = -n. Let r be -15*n + -4 + 1. Let u = r - -212. Is u composite?
False
Is 1286404/8*54/189 a prime number?
True
Let y = 6453 - 3634. Is y prime?
True
Suppose 13*t = 1 + 25. Suppose s - 857 = t*z, 3*s - 1114 = -z + 1443. Is s prime?
True
Let g(i) = i**2 + 11*i + 5. Let n be 11 + (-2 + -1 - -1). Let f = -24 + n. Is g(f) a composite number?
True
Let p(w) = -3*w**2 - 11*w - 6. Let o be p(-4). Let d = 18 + o. Is 4 - d - (-83)/1 prime?
True
Suppose -5465 = -5*b - 5*w, 6*b - b + w = 5481. Is b a prime number?
True
Let q(t) = -578*t + 61. Is q(-12) prime?
True
Let j = 85 - 58. Is 45693/j - ((-15)/9 + 1) a composite number?
False
Suppose 3*r - 39 = 96. Suppose 457 + r = 2*w. Is w composite?
False
Let k(h) = 5*h - 6. Let r be k(7). Let q = -5 + r. Let b = q + 35. Is b composite?
False
Suppose -5*j = -54 + 9. Is (-3)/j*5/(15/(-12807)) a prime number?
True
Is -1 + ((-30)/70 - (-150814)/14) composite?
False
Let z(j) = -j**3 - j**2 - 4 - 2*j**2 + 6*j**2 + j**2 + 2*j. Let f be z(-5). Suppose 5*v + d - 935 = 5*d, v = -4*d + f. Is v prime?
True
Suppose 3 + 1 = b. Let x be -1 + (5 - -3 - b). Suppose -2*g + 255 = x*g. Is g composite?
True
Let k(l) be the third derivative of 43*l**4/24 - 9*l**3/2 - l**2. Is k(8) a composite number?
False
Let l = -151 - -147. Let u = 217 - 535. Is (-12)/(-9)*u/l a prime number?
False
Let x(q) = 407*q**2 - 13*q + 89. Is x(11) a prime number?
True
Let c(m) = 30*m**3 + 5*m**2 - 6*m + 5. Is c(6) a prime number?
False
Is 1759 + 8/24 + (-32)/6 composite?
True
Suppose -2*y - 17025 = -3*h - 4216, -3*h + 12793 = 2*y. Is h a prime number?
False
Suppose -2*m + 1230 = 2*p, 5*p - m - m - 3054 = 0. Let d = p + 2318. Suppose -3*b + d = 5*s, -4*b + b - 2*s = -2945. Is b composite?
True
Let q(p) be the third derivative of -1/12*p**4 - 1/120*p**6 + 2/3*p**3 + 0*p - 7*p**2 - 1/10*p**5 + 0. Is q(-7) prime?
True
Suppose -z + 2*n + 3*n + 2260 = 0, -4*z + 2*n = -9040. Let f = z - 923. Is f a prime number?
False
Let p(v) = -v**3 + 10*v**2 + 11*v + 5. Let b be p(11). Suppose -3*t - b*a - 4 = 0, -4*a - 3 = 3*t + 2. Is (-2)/t*2457/18 a composite number?
True
Let x = 53 - 50. Suppose s + 434 = 5*j + 3*s, -x*s + 178 = 2*j. Is j a prime number?
False
Suppose -10*o + 35092 - 14202 = 0. Suppose -o = -2*h - 3*g, 3*h + 2*h - 5239 = -2*g. Is h composite?
False
Let r(o) = o**3 + 4*o**2 - 2*o + 4. Let z be r(-5). Let h be 160/6*36/15. Let l = h + z. Is l a prime number?
True
Let d be -11 - -8 - (-1 + -7). Suppose 5*u - x = 7, 17 = d*u + x + 4. Suppose 3*a + u*o = 3265, -7*a + 3*a - 5*o = -4358. Is a composite?
False
Suppose 0 = -2*q - 0*q. Suppose q = -2*j - 5*v + 163, -2*j = -5*j + 3*v + 213. Suppose 0 = -0*g + 2*g - j. Is g a prime number?
True
Suppose -d - 2*d + 3 = 0, -w = -5*d + 5. Suppose -5*q = -w*t - t + 1, 5*t - 2*q + 41 = 0. Let v(z) = -6*z + 5. Is v(t) a composite number?
False
Let i(k) = 45*k + 107. Is i(26) a prime number?
True
Let u(k) = -4 + 3 + 91*k + 2 + 9*k. Is u(2) a composite number?
True
Let t be (-1)/(2*2/(-140)). Let o be t*(0 - (2 - 1)). Let n = o + 72. Is n composite?
False
Let o(y) = -y**2 + 3*y + 5. Let z be o(3). Is z - -814 - (2 - 4) prime?
True
Suppose o + o + 4*r - 26 = 0, -3*o = 2*r - 19. Is (-4)/(4/(-629)) - (1 - o) prime?
True
Let b = 15 + -10. Let u(k) = -7 + b*k**2 + 0*k**2 - k**2 - 2*k. Is u(5) a composite number?
False
Let l = 48279 + -32056. Is l comp